354 and 24.
6
Calculate the greatest common factor of 180 and 495.
45
What is the highest common divisor of 44 and 836?
44
Calculate the highest common factor of 1426 and 806.
62
Calculate the greatest common divisor of 36027 and 9.
9
Calculate the highest common factor of 12 and 16.
4
What is the greatest common divisor of 100 and 8?
4
Calculate the highest common factor of 105 and 1645.
35
What is the highest common divisor of 105 and 135?
15
Calculate the highest common factor of 23 and 851.
23
Calculate the highest common factor of 1440 and 315.
45
What is the greatest common divisor of 36 and 36?
36
What is the greatest common divisor of 2033 and 19?
19
Calculate the greatest common factor of 64 and 512.
64
What is the highest common divisor of 11 and 319?
11
Calculate the greatest common factor of 17 and 323.
17
Calculate the greatest common divisor of 500 and 950.
50
Calculate the greatest common factor of 578 and 51.
17
Calculate the greatest common divisor of 5 and 55.
5
Calculate the highest common factor of 10 and 254.
2
Calculate the greatest common factor of 47 and 17249.
47
Calculate the highest common factor of 80 and 890.
10
Calculate the highest common divisor of 8 and 209.
1
Calculate the greatest common factor of 330 and 120.
30
What is the highest common divisor of 350 and 42?
14
What is the greatest common factor of 18 and 42?
6
What is the highest common divisor of 5746 and 102?
34
Calculate the greatest common factor of 88 and 88.
88
Calculate the greatest common divisor of 160 and 10.
10
Calculate the highest common factor of 464 and 58.
58
What is the highest common divisor of 1458 and 4482?
54
Calculate the greatest common factor of 1947 and 33.
33
Calculate the highest common divisor of 57 and 57.
57
What is the highest common divisor of 15 and 630?
15
What is the highest common divisor of 2542 and 868?
62
Calculate the highest common factor of 154 and 121.
11
What is the highest common factor of 48 and 42?
6
What is the greatest common divisor of 23 and 207?
23
What is the highest common factor of 966 and 168?
42
What is the greatest common divisor of 76 and 956?
4
Calculate the greatest common divisor of 897 and 276.
69
What is the greatest common factor of 4 and 1028?
4
What is the greatest common factor of 68 and 448?
4
Calculate the greatest common divisor of 39 and 8957.
13
What is the greatest common divisor of 12 and 198?
6
What is the greatest common factor of 1855 and 28?
7
What is the highest common factor of 40 and 4500?
20
Calculate the highest common factor of 319 and 33.
11
Calculate the highest common divisor of 486 and 36.
18
What is the greatest common factor of 71 and 5893?
71
Calculate the greatest common factor of 2304 and 9.
9
Calculate the highest common divisor of 16 and 208.
16
Calculate the greatest common divisor of 5 and 1.
1
What is the highest common divisor of 192 and 48?
48
What is the highest common factor of 144 and 96?
48
Calculate the greatest common divisor of 357 and 39984.
357
What is the highest common factor of 24 and 111?
3
What is the greatest common divisor of 828 and 12?
12
What is the greatest common factor of 628 and 4?
4
Calculate the highest common factor of 35 and 5215.
35
Calculate the highest common factor of 3664 and 229.
229
What is the greatest common factor of 182 and 378?
14
What is the greatest common divisor of 324 and 8?
4
Calculate the greatest common factor of 1394 and 1148.
82
Calculate the greatest common factor of 3 and 27.
3
What is the greatest common divisor of 37386 and 248?
62
Calculate the highest common factor of 1280 and 40.
40
Calculate the greatest common divisor of 1147 and 259.
37
Calculate the highest common factor of 104 and 24544.
104
What is the greatest common divisor of 578 and 34?
34
Calculate the highest common factor of 629 and 111.
37
Calculate the greatest common divisor of 516 and 9.
3
Calculate the highest common divisor of 13517 and 35.
7
What is the highest common divisor of 240 and 405?
15
Calculate the greatest common divisor of 66 and 24.
6
What is the highest common divisor of 1520 and 20?
20
Calculate the highest common factor of 864 and 32.
32
Calculate the greatest common divisor of 18458 and 22.
22
Calculate the highest common factor of 10 and 130.
10
Calculate the greatest common factor of 174 and 609.
87
Calculate the greatest common factor of 134 and 20502.
134
Calculate the greatest common factor of 1856 and 64.
64
Calculate the highest common divisor of 456 and 96.
24
Calculate the highest common divisor of 146 and 27886.
146
Calculate the greatest common factor of 14565 and 15.
15
What is the greatest common divisor of 99 and 10560?
33
Calculate the greatest common divisor of 992 and 56.
8
What is the greatest common factor of 62 and 310?
62
What is the greatest common divisor of 12 and 20?
4
What is the highest common divisor of 5 and 25?
5
What is the highest common divisor of 117 and 5904?
9
Calculate the highest common divisor of 100 and 8380.
20
Calculate the highest common factor of 41 and 1722.
41
What is the highest common factor of 2950 and 100?
50
What is the greatest common divisor of 32 and 15584?
32
What is the greatest common factor of 217 and 21?
7
Calculate the highest common divisor of 23 and 41032.
23
Calculate the highest common divisor of 32551 and 43.
43
What is the greatest common divisor of 40 and 270?
10
What is the highest common divisor of 312 and 39?
39
Calculate the greatest common factor of 1694 and 22.
22
Calculate the highest common divisor of 247 and 57.
19
What is the greatest common factor of 252 and 70?
14
What is the highest common factor of 12 and 300?
12
What is the highest common factor of 416 and 32?
32
What is the greatest common divisor of 4350 and 3770?
290
Calculate the highest common factor of 616 and 56.
56
Calculate the highest common factor of 245 and 25.
5
What is the highest common divisor of 27680 and 480?
160
What is the highest common factor of 387 and 43?
43
What is the greatest common divisor of 108 and 2340?
36
Calculate the highest common factor of 8 and 7.
1
Calculate the greatest common factor of 36 and 24.
12
Calculate the greatest common factor of 55 and 605.
55
What is the highest common factor of 204 and 697?
17
What is the greatest common factor of 28 and 35?
7
Calculate the greatest common divisor of 8414 and 42.
14
What is the highest common factor of 5134 and 1661?
151
Calculate the highest common factor of 280 and 224.
56
Calculate the highest common divisor of 3195 and 45.
45
Calculate the highest common divisor of 24 and 28.
4
What is the greatest common divisor of 366 and 6?
6
Calculate the greatest common divisor of 39 and 156.
39
What is the greatest common divisor of 1633 and 46?
23
What is the highest common divisor of 378 and 108?
54
Calculate the highest common factor of 47796 and 7.
7
What is the highest common divisor of 5 and 1805?
5
What is the greatest common factor of 99 and 231?
33
What is the greatest common divisor of 8 and 28?
4
Calculate the highest common factor of 7830 and 58.
58
Calculate the greatest common divisor of 45 and 105.
15
What is the greatest common divisor of 16 and 56?
8
What is the greatest common divisor of 1656 and 69?
69
What is the highest common divisor of 19 and 304?
19
Calculate the greatest common factor of 14396 and 1220.
244
What is the greatest common divisor of 12 and 33?
3
What is the greatest common factor of 17 and 3?
1
What is the highest common factor of 25 and 1240?
5
What is the highest common divisor of 1280 and 800?
160
What is the greatest common factor of 864 and 81?
27
Calculate the greatest common divisor of 1300 and 16.
4
Calculate the highest common factor of 350 and 49.
7
Calculate the greatest common divisor of 6141 and 138.
69
Calculate the greatest common divisor of 912 and 32.
16
What is the highest common divisor of 170 and 10?
10
Calculate the highest common divisor of 119 and 161.
7
Calculate the greatest common divisor of 23 and 6831.
23
What is the greatest common factor of 399 and 285?
57
What is the greatest common factor of 10 and 227?
1
Calculate the greatest common factor of 22 and 66.
22
What is the greatest common divisor of 24 and 192?
24
What is the greatest 